{"id":19,"date":"2025-01-30T14:58:42","date_gmt":"2025-01-30T13:58:42","guid":{"rendered":"https:\/\/investigacioncontabilidad.unmsm.edu.pe\/?page_id=19"},"modified":"2025-03-12T20:55:16","modified_gmt":"2025-03-12T19:55:16","slug":"nosotros","status":"publish","type":"page","link":"https:\/\/investigacioncontabilidad.unmsm.edu.pe\/?page_id=19","title":{"rendered":"Nosotros"},"content":{"rendered":"\t\t<div data-elementor-type=\"wp-page\" data-elementor-id=\"19\" class=\"elementor elementor-19\">\n\t\t\t\t\t\t<section class=\"elementor-section elementor-top-section elementor-element elementor-element-7427e10 elementor-section-boxed elementor-section-height-default elementor-section-height-default\" data-id=\"7427e10\" data-element_type=\"section\">\n\t\t\t\t\t\t<div class=\"elementor-container elementor-column-gap-default\">\n\t\t\t\t\t<div class=\"elementor-column elementor-col-50 elementor-top-column elementor-element elementor-element-a280161\" data-id=\"a280161\" data-element_type=\"column\">\n\t\t\t<div class=\"elementor-widget-wrap elementor-element-populated\">\n\t\t\t\t\t\t<div class=\"elementor-element elementor-element-1fe2f40 elementor-widget elementor-widget-heading\" data-id=\"1fe2f40\" data-element_type=\"widget\" data-widget_type=\"heading.default\">\n\t\t\t\t<div class=\"elementor-widget-container\">\n\t\t\t\t\t<h2 class=\"elementor-heading-title elementor-size-default\">Acerca de nosotros<\/h2>\t\t\t\t<\/div>\n\t\t\t\t<\/div>\n\t\t\t\t<div class=\"elementor-element elementor-element-60b40bc elementor-widget elementor-widget-text-editor\" data-id=\"60b40bc\" data-element_type=\"widget\" data-widget_type=\"text-editor.default\">\n\t\t\t\t<div class=\"elementor-widget-container\">\n\t\t\t\t\t\t\t\t\t<p>El Instituto de Investigaci\u00f3n de Ciencias Financieras y Contables (IICFC) depende del Vicedecanato de Investigaci\u00f3n y Posgrado de la Facultad de Ciencias Contables de la Universidad Nacional Mayor de San Marcos (UNMSM).<br \/>El IICFC, es la unidad de investigaci\u00f3n que gestiona, coordina y ejecuta las actividades investigativas en la Facultad de Ciencias Contables de la UNMSM. Impulsa la incorporaci\u00f3n de docentes y estudiantes en la investigaci\u00f3n contable, econ\u00f3mica y empresarial; y, fomenta y difunde los resultados de investigaciones, a trav\u00e9s de la publicaci\u00f3n de la revista cient\u00edfica Quipukamayoc.<br \/>El IICFC tiene como uno de sus roles principales ser un canal de comunicaci\u00f3n de investigaci\u00f3n cient\u00edfica que permita la visibilidad de los resultados de investigaci\u00f3n y poder contribuir al conocimiento de las tem\u00e1ticas contable, econ\u00f3mica y empresarial y aportar en la comprensi\u00f3n y soluci\u00f3n de problemas de la sociedad peruana y latinoamericana en un contexto cultural, econ\u00f3mico y social.<\/p>\t\t\t\t\t\t\t\t<\/div>\n\t\t\t\t<\/div>\n\t\t\t\t\t<\/div>\n\t\t<\/div>\n\t\t\t\t<div class=\"elementor-column elementor-col-50 elementor-top-column elementor-element elementor-element-99231b7\" data-id=\"99231b7\" data-element_type=\"column\">\n\t\t\t<div class=\"elementor-widget-wrap elementor-element-populated\">\n\t\t\t\t\t\t<div class=\"elementor-element elementor-element-8716e2c elementor-widget elementor-widget-image\" data-id=\"8716e2c\" data-element_type=\"widget\" data-widget_type=\"image.default\">\n\t\t\t\t<div class=\"elementor-widget-container\">\n\t\t\t\t\t\t\t\t\t\t\t\t\t\t\t<img fetchpriority=\"high\" decoding=\"async\" width=\"576\" height=\"384\" src=\"https:\/\/investigacioncontabilidad.unmsm.edu.pe\/wp-content\/uploads\/2025\/01\/nosotros.png\" class=\"attachment-large size-large wp-image-21\" alt=\"\" srcset=\"https:\/\/investigacioncontabilidad.unmsm.edu.pe\/wp-content\/uploads\/2025\/01\/nosotros.png 576w, https:\/\/investigacioncontabilidad.unmsm.edu.pe\/wp-content\/uploads\/2025\/01\/nosotros-300x200.png 300w\" sizes=\"(max-width: 576px) 100vw, 576px\" \/>\t\t\t\t\t\t\t\t\t\t\t\t\t\t\t<\/div>\n\t\t\t\t<\/div>\n\t\t\t\t\t<\/div>\n\t\t<\/div>\n\t\t\t\t\t<\/div>\n\t\t<\/section>\n\t\t\t\t<section class=\"elementor-section elementor-top-section elementor-element elementor-element-cdf416c elementor-section-boxed elementor-section-height-default elementor-section-height-default\" data-id=\"cdf416c\" data-element_type=\"section\">\n\t\t\t\t\t\t<div class=\"elementor-container elementor-column-gap-default\">\n\t\t\t\t\t<div class=\"elementor-column elementor-col-33 elementor-top-column elementor-element elementor-element-9909442\" data-id=\"9909442\" data-element_type=\"column\">\n\t\t\t<div class=\"elementor-widget-wrap elementor-element-populated\">\n\t\t\t\t\t\t<div class=\"elementor-element elementor-element-90ed436 elementor-widget elementor-widget-heading\" data-id=\"90ed436\" data-element_type=\"widget\" data-widget_type=\"heading.default\">\n\t\t\t\t<div class=\"elementor-widget-container\">\n\t\t\t\t\t<h2 class=\"elementor-heading-title elementor-size-default\">VISI\u00d3N<\/h2>\t\t\t\t<\/div>\n\t\t\t\t<\/div>\n\t\t\t\t<div class=\"elementor-element elementor-element-fd81021 elementor-widget elementor-widget-text-editor\" data-id=\"fd81021\" data-element_type=\"widget\" data-widget_type=\"text-editor.default\">\n\t\t\t\t<div class=\"elementor-widget-container\">\n\t\t\t\t\t\t\t\t\tSer la Unidad de Investigaci\u00f3n referente, a nivel nacional e internacional, en el campo contable, econ\u00f3mico y empresarial, mediante el desarrollo de la investigaci\u00f3n multidisciplinaria, interdisciplinaria y transdiciplinaria, posibilitando el intercambio de conocimientos y experiencias entre investigadores, centros de investigaci\u00f3n, unidades hom\u00f3logas y redes acad\u00e9micas.\t\t\t\t\t\t\t\t<\/div>\n\t\t\t\t<\/div>\n\t\t\t\t<div class=\"elementor-element elementor-element-cf5caf2 elementor-widget elementor-widget-heading\" data-id=\"cf5caf2\" data-element_type=\"widget\" data-widget_type=\"heading.default\">\n\t\t\t\t<div class=\"elementor-widget-container\">\n\t\t\t\t\t<h2 class=\"elementor-heading-title elementor-size-default\">OBJETIVOS<\/h2>\t\t\t\t<\/div>\n\t\t\t\t<\/div>\n\t\t\t\t<div class=\"elementor-element elementor-element-e6c0a02 elementor-widget elementor-widget-text-editor\" data-id=\"e6c0a02\" data-element_type=\"widget\" data-widget_type=\"text-editor.default\">\n\t\t\t\t<div class=\"elementor-widget-container\">\n\t\t\t\t\t\t\t\t\t<ul>\n \t<li>Desarrollar actividades de investigaci\u00f3n multidisciplinarias, interdisciplinarias y transdiciplinaria en alianza estrat\u00e9gica con centros de investigaci\u00f3n, unidades hom\u00f3logas y redes acad\u00e9micas.<\/li>\n \t<li>Consolidar la visibilidad de la revista cient\u00edfica Quipukamayoc en plataformas cient\u00edficas, \u00edndices y directorios a nivel nacional e internacional.<\/li>\n \t<li>Incentivar la investigaci\u00f3n cient\u00edfica en el campo contable, econ\u00f3mico y empresarial, a nivel del pre- y posgrado, mediante el desarrollo de trabajos de investigaci\u00f3n y tesis para la obtenci\u00f3n de los respectivos grados acad\u00e9micos y el t\u00edtulo profesional.<\/li>\n \t<li>Promover el fortalecimiento permanente de los Grupos de Investigaci\u00f3n.<\/li>\n<\/ul>\t\t\t\t\t\t\t\t<\/div>\n\t\t\t\t<\/div>\n\t\t\t\t\t<\/div>\n\t\t<\/div>\n\t\t\t\t<div class=\"elementor-column elementor-col-33 elementor-top-column elementor-element elementor-element-2f003ca\" data-id=\"2f003ca\" data-element_type=\"column\">\n\t\t\t<div class=\"elementor-widget-wrap\">\n\t\t\t\t\t\t\t<\/div>\n\t\t<\/div>\n\t\t\t\t<div class=\"elementor-column elementor-col-33 elementor-top-column elementor-element elementor-element-a6859eb\" data-id=\"a6859eb\" data-element_type=\"column\">\n\t\t\t<div class=\"elementor-widget-wrap elementor-element-populated\">\n\t\t\t\t\t\t<div class=\"elementor-element elementor-element-581b58e elementor-widget elementor-widget-heading\" data-id=\"581b58e\" data-element_type=\"widget\" data-widget_type=\"heading.default\">\n\t\t\t\t<div class=\"elementor-widget-container\">\n\t\t\t\t\t<h2 class=\"elementor-heading-title elementor-size-default\">MISI\u00d3N<\/h2>\t\t\t\t<\/div>\n\t\t\t\t<\/div>\n\t\t\t\t<div class=\"elementor-element elementor-element-ff15faf elementor-widget elementor-widget-text-editor\" data-id=\"ff15faf\" data-element_type=\"widget\" data-widget_type=\"text-editor.default\">\n\t\t\t\t<div class=\"elementor-widget-container\">\n\t\t\t\t\t\t\t\t\tUnidad de Investigaci\u00f3n que realiza, gestiona y coordina actividades de investigaci\u00f3n con responsabilidad, en el campo contable, econ\u00f3mico y empresarial; comprometida con el desarrollo de la investigaci\u00f3n y la innovaci\u00f3n; y enfocada en generar conocimiento para aportar en la comprensi\u00f3n y soluci\u00f3n de problemas de la sociedad y de las organizaciones, en un contexto cultural y social, haciendo \u00e9nfasis en la problem\u00e1tica nacional.\t\t\t\t\t\t\t\t<\/div>\n\t\t\t\t<\/div>\n\t\t\t\t<div class=\"elementor-element elementor-element-04c242e elementor-widget elementor-widget-heading\" data-id=\"04c242e\" data-element_type=\"widget\" data-widget_type=\"heading.default\">\n\t\t\t\t<div class=\"elementor-widget-container\">\n\t\t\t\t\t<h2 class=\"elementor-heading-title elementor-size-default\">FUNCIONES<\/h2>\t\t\t\t<\/div>\n\t\t\t\t<\/div>\n\t\t\t\t<div class=\"elementor-element elementor-element-0d0868f elementor-widget elementor-widget-text-editor\" data-id=\"0d0868f\" data-element_type=\"widget\" data-widget_type=\"text-editor.default\">\n\t\t\t\t<div class=\"elementor-widget-container\">\n\t\t\t\t\t\t\t\t\t1. Gestionar, coordinar y ejecutar las actividades de investigaci\u00f3n.<br>\n2. Dirigir, dise\u00f1ar y desarrollar eventos cient\u00edficos como.<br>\n3. Promover la incorporaci\u00f3n de docentes y estudiantes de pre- y posgrado en la investigaci\u00f3n cient\u00edfica.<br>4. Impulsar la investigaci\u00f3n cient\u00edfica desde etapas tempranas de formaci\u00f3n.<br>\n5. Fomentar, dirigir y velar por la publicaci\u00f3n de manuscritos cient\u00edficos de calidad en la revista de investigaci\u00f3n Quipukamayoc, enfocado en la mayor visibilidad en plataformas cient\u00edficas, \u00edndices y directorios, a nivel nacional e internacional.<br>\n6. Promover el reconocimiento de investigadores docentes y estudiantes.\t\t\t\t\t\t\t\t<\/div>\n\t\t\t\t<\/div>\n\t\t\t\t\t<\/div>\n\t\t<\/div>\n\t\t\t\t\t<\/div>\n\t\t<\/section>\n\t\t\t\t<\/div>\n\t\t","protected":false},"excerpt":{"rendered":"<p>Acerca de nosotros El Instituto de Investigaci\u00f3n de Ciencias Financieras y Contables (IICFC) depende del Vicedecanato de Investigaci\u00f3n y Posgrado [&hellip;]<\/p>\n","protected":false},"author":1,"featured_media":0,"parent":0,"menu_order":0,"comment_status":"closed","ping_status":"closed","template":"","meta":{"site-sidebar-layout":"no-sidebar","site-content-layout":"","ast-site-content-layout":"full-width-container","site-content-style":"default","site-sidebar-style":"default","ast-global-header-display":"","ast-banner-title-visibility":"","ast-main-header-display":"","ast-hfb-above-header-display":"","ast-hfb-below-header-display":"","ast-hfb-mobile-header-display":"","site-post-title":"disabled","ast-breadcrumbs-content":"","ast-featured-img":"disabled","footer-sml-layout":"","theme-transparent-header-meta":"","adv-header-id-meta":"","stick-header-meta":"","header-above-stick-meta":"","header-main-stick-meta":"","header-below-stick-meta":"","astra-migrate-meta-layouts":"default","ast-page-background-enabled":"default","ast-page-background-meta":{"desktop":{"background-color":"var(--ast-global-color-5)","background-image":"","background-repeat":"repeat","background-position":"center center","background-size":"auto","background-attachment":"scroll","background-type":"","background-media":"","overlay-type":"","overlay-color":"","overlay-opacity":"","overlay-gradient":""},"tablet":{"background-color":"","background-image":"","background-repeat":"repeat","background-position":"center center","background-size":"auto","background-attachment":"scroll","background-type":"","background-media":"","overlay-type":"","overlay-color":"","overlay-opacity":"","overlay-gradient":""},"mobile":{"background-color":"","background-image":"","background-repeat":"repeat","background-position":"center center","background-size":"auto","background-attachment":"scroll","background-type":"","background-media":"","overlay-type":"","overlay-color":"","overlay-opacity":"","overlay-gradient":""}},"ast-content-background-meta":{"desktop":{"background-color":"var(--ast-global-color-4)","background-image":"","background-repeat":"repeat","background-position":"center center","background-size":"auto","background-attachment":"scroll","background-type":"","background-media":"","overlay-type":"","overlay-color":"","overlay-opacity":"","overlay-gradient":""},"tablet":{"background-color":"var(--ast-global-color-4)","background-image":"","background-repeat":"repeat","background-position":"center center","background-size":"auto","background-attachment":"scroll","background-type":"","background-media":"","overlay-type":"","overlay-color":"","overlay-opacity":"","overlay-gradient":""},"mobile":{"background-color":"var(--ast-global-color-4)","background-image":"","background-repeat":"repeat","background-position":"center center","background-size":"auto","background-attachment":"scroll","background-type":"","background-media":"","overlay-type":"","overlay-color":"","overlay-opacity":"","overlay-gradient":""}},"footnotes":""},"class_list":["post-19","page","type-page","status-publish","hentry"],"_links":{"self":[{"href":"https:\/\/investigacioncontabilidad.unmsm.edu.pe\/index.php?rest_route=\/wp\/v2\/pages\/19","targetHints":{"allow":["GET"]}}],"collection":[{"href":"https:\/\/investigacioncontabilidad.unmsm.edu.pe\/index.php?rest_route=\/wp\/v2\/pages"}],"about":[{"href":"https:\/\/investigacioncontabilidad.unmsm.edu.pe\/index.php?rest_route=\/wp\/v2\/types\/page"}],"author":[{"embeddable":true,"href":"https:\/\/investigacioncontabilidad.unmsm.edu.pe\/index.php?rest_route=\/wp\/v2\/users\/1"}],"replies":[{"embeddable":true,"href":"https:\/\/investigacioncontabilidad.unmsm.edu.pe\/index.php?rest_route=%2Fwp%2Fv2%2Fcomments&post=19"}],"version-history":[{"count":22,"href":"https:\/\/investigacioncontabilidad.unmsm.edu.pe\/index.php?rest_route=\/wp\/v2\/pages\/19\/revisions"}],"predecessor-version":[{"id":183,"href":"https:\/\/investigacioncontabilidad.unmsm.edu.pe\/index.php?rest_route=\/wp\/v2\/pages\/19\/revisions\/183"}],"wp:attachment":[{"href":"https:\/\/investigacioncontabilidad.unmsm.edu.pe\/index.php?rest_route=%2Fwp%2Fv2%2Fmedia&parent=19"}],"curies":[{"name":"wp","href":"https:\/\/api.w.org\/{rel}","templated":true}]}}